{"id":1994,"date":"2022-01-31T01:21:06","date_gmt":"2022-01-31T00:21:06","guid":{"rendered":"https:\/\/www.modepen.org\/?post_type=eap_event&#038;p=1994"},"modified":"2022-02-01T17:34:33","modified_gmt":"2022-02-01T16:34:33","slug":"concentracion-na-coruna-xoves-3-de-febreiro","status":"publish","type":"eap_event","link":"https:\/\/www.modepen.org\/index.php\/events\/concentracion-na-coruna-xoves-3-de-febreiro\/","title":{"rendered":"Concentraci\u00f3n na Coru\u00f1a: Xoves, 3 de Febreiro"},"content":{"rendered":"<p style=\"text-align: center;\"><strong>COMENZAREMOS O ANO SENDO 3% M\u00c1IS POBRES.<\/strong><\/p>\n<p>Suba das pensi\u00f3ns, alimentos e bens de consumo a finais de decembro de 2021 respeto a decembro de 2020, seg\u00fan o INE.<\/p>\n<ul>\n<li>\u2022 Pensi\u00f3ns contributivas \u2026\u2026\u2026\u2026\u2026\u2026\u2026\u2026\u2026.. 2,5%<\/li>\n<li>\u2022 Pensi\u00f3ns m\u00ednimas e non contributivas\u2026\u2026.\u00a0\u00a0\u00a0 3%<\/li>\n<li>\u2022 Aceite &#8230;&#8230;&#8230;&#8230;&#8230;&#8230;&#8230;&#8230;&#8230;&#8230;&#8230;&#8230;&#8230;&#8230;&#8230;&#8230;&#8230;\u2026\u2026\u2026.\u00a0\u00a0 25,8%.<\/li>\n<li>\u2022 Pasta&#8230;&#8230;&#8230;&#8230;&#8230;&#8230;&#8230;&#8230;&#8230;&#8230;&#8230;&#8230;&#8230;&#8230;&#8230;&#8230;.\u2026\u2026\u2026\u2026.\u00a0\u00a0 15,2%<\/li>\n<li>\u2022 Legumes e hortalizas frescas&#8230;&#8230;&#8230;&#8230;&#8230;..\u2026\u2026&#8230; 6,6%<\/li>\n<li>\u2022 Froita &#8230;&#8230;&#8230;&#8230;&#8230;&#8230;&#8230;&#8230;&#8230;&#8230;&#8230;&#8230;&#8230;&#8230;&#8230;&#8230;&#8230;&#8230;.\u2026\u2026..\u00a0\u00a0\u00a0\u00a0 6,8%<\/li>\n<li>\u2022 Leite &#8230;&#8230;&#8230;&#8230;&#8230;&#8230;&#8230;&#8230;&#8230;&#8230;&#8230;&#8230;&#8230;&#8230;&#8230;&#8230;&#8230;&#8230;&#8230;\u2026\u2026.\u00a0\u00a0\u00a0\u00a0\u00a0 5 %<\/li>\n<li>\u2022 Pan &#8230;&#8230;&#8230;&#8230;&#8230;&#8230;&#8230;&#8230;&#8230;&#8230;&#8230;&#8230;&#8230;&#8230;&#8230;&#8230;&#8230;&#8230;&#8230;..\u2026\u2026.\u00a0\u00a0\u00a0\u00a0\u00a0 3,8%<\/li>\n<li>\u2022 Ternera &#8230;&#8230;&#8230;&#8230;&#8230;&#8230;&#8230;&#8230;&#8230;&#8230;&#8230;&#8230;&#8230;&#8230;&#8230;&#8230;&#8230;&#8230;\u2026\u2026.\u00a0\u00a0 3,9%<\/li>\n<li>\u2022 Polo &#8230;&#8230;&#8230;&#8230;&#8230;&#8230;&#8230;&#8230;&#8230;&#8230;&#8230;&#8230;&#8230;&#8230;&#8230;&#8230;&#8230;&#8230;&#8230;&#8230;\u2026..\u00a0\u00a0\u00a0\u00a0\u00a0 7,0%<\/li>\n<li>\u2022 Peixe fresco &#8230;&#8230;&#8230;&#8230;&#8230;&#8230;&#8230;&#8230;&#8230;&#8230;&#8230;&#8230;&#8230;&#8230;&#8230;..\u2026.. \u00a0\u00a0 6,6%<\/li>\n<li>\u2022 Electricidade, gas &#8230; &#8230;&#8230;&#8230;&#8230;&#8230;&#8230;&#8230;&#8230;&#8230;&#8230;&#8230;&#8230;.\u00a0\u00a0\u00a0 56,5%<\/li>\n<li><\/li>\n<\/ul>\n<p>O Congreso dos Deputados aprobou o pasado 2 de decembro a Reforma das pensi\u00f3ns. Un dos puntos fundamentais de dita reforma \u00e9 a de garantir a capacidade adquisitiva das pensi\u00f3ns actualiz\u00e1ndoas anualmente seg\u00fan o IPC.<\/p>\n<p>O goberno xa anunciou que este ano, 2022, as pensi\u00f3ns contributivas subir\u00e1n un 2,5 % ( IPC medio anual) e as m\u00ednima un 3%, cantidades que non se corresponden co IPC real acumulado que, seg\u00fan o INE, \u00e9 de un 5,5% polo que empezamos o ano sendo un 3% e 2,5% m\u00e1is pobres.<\/p>\n<p>Ante esta realidade seguiremos na r\u00faa.<\/p>\n<p><strong>EXIXINDO O MANTEMENTO DO PODER ADQUISITIVO DAS PENSI\u00d3NS MEDIDO POLO IPC REAL, E A SUBA DAS PENSI\u00d3NS M\u00cdNIMAS.<\/strong><\/p>\n<p><strong>GOBERNE QUEN GOBERNE AS PENSIONS DEF\u00c9NDENSE<\/strong><\/p>\n","protected":false},"excerpt":{"rendered":"<p>COMENZAREMOS O ANO SENDO 3% M\u00c1IS POBRES. Suba das pensi\u00f3ns, alimentos e bens de consumo a finais de decembro de[&#8230;]<\/p>\n","protected":false},"author":3,"featured_media":2011,"comment_status":"closed","ping_status":"closed","template":"","categories":[32],"class_list":["post-1994","eap_event","type-eap_event","status-publish","has-post-thumbnail","hentry","category-axenda"],"_links":{"self":[{"href":"https:\/\/www.modepen.org\/index.php\/wp-json\/wp\/v2\/eap_event\/1994","targetHints":{"allow":["GET"]}}],"collection":[{"href":"https:\/\/www.modepen.org\/index.php\/wp-json\/wp\/v2\/eap_event"}],"about":[{"href":"https:\/\/www.modepen.org\/index.php\/wp-json\/wp\/v2\/types\/eap_event"}],"author":[{"embeddable":true,"href":"https:\/\/www.modepen.org\/index.php\/wp-json\/wp\/v2\/users\/3"}],"replies":[{"embeddable":true,"href":"https:\/\/www.modepen.org\/index.php\/wp-json\/wp\/v2\/comments?post=1994"}],"version-history":[{"count":4,"href":"https:\/\/www.modepen.org\/index.php\/wp-json\/wp\/v2\/eap_event\/1994\/revisions"}],"predecessor-version":[{"id":2003,"href":"https:\/\/www.modepen.org\/index.php\/wp-json\/wp\/v2\/eap_event\/1994\/revisions\/2003"}],"wp:featuredmedia":[{"embeddable":true,"href":"https:\/\/www.modepen.org\/index.php\/wp-json\/wp\/v2\/media\/2011"}],"wp:attachment":[{"href":"https:\/\/www.modepen.org\/index.php\/wp-json\/wp\/v2\/media?parent=1994"}],"wp:term":[{"taxonomy":"category","embeddable":true,"href":"https:\/\/www.modepen.org\/index.php\/wp-json\/wp\/v2\/categories?post=1994"}],"curies":[{"name":"wp","href":"https:\/\/api.w.org\/{rel}","templated":true}]}}

Concentración na Coruña: Xoves, 3 de Febreiro

<p style="text-align: center;"><strong>COMENZAREMOS O ANO SENDO 3% MÁIS POBRES.</strong></p>
<p>Suba das pensións, alimentos e bens de consumo a finais de decembro de 2021 respeto a decembro de 2020, según o INE.</p>
<ul>
<li>• Pensións contributivas ……………………….. 2,5%</li>
<li>• Pensións mínimas e non contributivas…….    3%</li>
<li>• Aceite &#8230;&#8230;&#8230;&#8230;&#8230;&#8230;&#8230;&#8230;&#8230;&#8230;&#8230;&#8230;&#8230;&#8230;&#8230;&#8230;&#8230;……….   25,8%.</li>
<li>• Pasta&#8230;&#8230;&#8230;&#8230;&#8230;&#8230;&#8230;&#8230;&#8230;&#8230;&#8230;&#8230;&#8230;&#8230;&#8230;&#8230;.………….   15,2%</li>
<li>• Legumes e hortalizas frescas&#8230;&#8230;&#8230;&#8230;&#8230;..……&#8230; 6,6%</li>
<li>• Froita &#8230;&#8230;&#8230;&#8230;&#8230;&#8230;&#8230;&#8230;&#8230;&#8230;&#8230;&#8230;&#8230;&#8230;&#8230;&#8230;&#8230;&#8230;.……..     6,8%</li>
<li>• Leite &#8230;&#8230;&#8230;&#8230;&#8230;&#8230;&#8230;&#8230;&#8230;&#8230;&#8230;&#8230;&#8230;&#8230;&#8230;&#8230;&#8230;&#8230;&#8230;…….      5 %</li>
<li>• Pan &#8230;&#8230;&#8230;&#8230;&#8230;&#8230;&#8230;&#8230;&#8230;&#8230;&#8230;&#8230;&#8230;&#8230;&#8230;&#8230;&#8230;&#8230;&#8230;..…….      3,8%</li>
<li>• Ternera &#8230;&#8230;&#8230;&#8230;&#8230;&#8230;&#8230;&#8230;&#8230;&#8230;&#8230;&#8230;&#8230;&#8230;&#8230;&#8230;&#8230;&#8230;…….   3,9%</li>
<li>• Polo &#8230;&#8230;&#8230;&#8230;&#8230;&#8230;&#8230;&#8230;&#8230;&#8230;&#8230;&#8230;&#8230;&#8230;&#8230;&#8230;&#8230;&#8230;&#8230;&#8230;…..      7,0%</li>
<li>• Peixe fresco &#8230;&#8230;&#8230;&#8230;&#8230;&#8230;&#8230;&#8230;&#8230;&#8230;&#8230;&#8230;&#8230;&#8230;&#8230;..…..    6,6%</li>
<li>• Electricidade, gas &#8230; &#8230;&#8230;&#8230;&#8230;&#8230;&#8230;&#8230;&#8230;&#8230;&#8230;&#8230;&#8230;.    56,5%</li>
<li></li>
</ul>
<p>O Congreso dos Deputados aprobou o pasado 2 de decembro a Reforma das pensións. Un dos puntos fundamentais de dita reforma é a de garantir a capacidade adquisitiva das pensións actualizándoas anualmente según o IPC.</p>
<p>O goberno xa anunciou que este ano, 2022, as pensións contributivas subirán un 2,5 % ( IPC medio anual) e as mínima un 3%, cantidades que non se corresponden co IPC real acumulado que, según o INE, é de un 5,5% polo que empezamos o ano sendo un 3% e 2,5% máis pobres.</p>
<p>Ante esta realidade seguiremos na rúa.</p>
<p><strong>EXIXINDO O MANTEMENTO DO PODER ADQUISITIVO DAS PENSIÓNS MEDIDO POLO IPC REAL, E A SUBA DAS PENSIÓNS MÍNIMAS.</strong></p>
<p><strong>GOBERNE QUEN GOBERNE AS PENSIONS DEFÉNDENSE</strong></p>

<p>COMENZAREMOS O ANO SENDO 3% MÁIS POBRES. Suba das pensións, alimentos e bens de consumo a finais de decembro de[&#8230;]</p>
