{"id":2181,"date":"2022-05-28T18:49:45","date_gmt":"2022-05-28T16:49:45","guid":{"rendered":"https:\/\/www.modepen.org\/?post_type=eap_event&#038;p=2181"},"modified":"2022-06-03T12:01:39","modified_gmt":"2022-06-03T10:01:39","slug":"concentracion-en-madrid-o-dia-9-de-xunio-paremos-o-proxecto-de-lei-para-o-fomento-dos-plans-de-pensions-de-emprego","status":"publish","type":"eap_event","link":"https:\/\/www.modepen.org\/index.php\/events\/concentracion-en-madrid-o-dia-9-de-xunio-paremos-o-proxecto-de-lei-para-o-fomento-dos-plans-de-pensions-de-emprego\/","title":{"rendered":"Concentraci\u00f3n en Madrid o d\u00eda 9 de Xunio: Paremos o Proxecto de Lei para o Fomento dos Plans (de Pensi\u00f3ns) de Emprego."},"content":{"rendered":"<div class=\"\" dir=\"auto\">\n<div class=\"\" dir=\"auto\">\n<div class=\"ecm0bbzt hv4rvrfc ihqw7lf3 dati1w0a\" data-ad-comet-preview=\"message\" data-ad-preview=\"message\">\n<div class=\"j83agx80 cbu4d94t ew0dbk1b irj2b8pg\">\n<div class=\"qzhwtbm6 knvmm38d\">\n<div class=\"kvgmc6g5 cxmmr5t8 oygrvhab hcukyx3x c1et5uql ii04i59q\">\n<div dir=\"auto\" style=\"text-align: center;\"><strong>CONCENTRACI\u00d3N EN MADRID DIANTE DO PARLAMENTO<\/strong><\/div>\n<div dir=\"auto\"><\/div>\n<\/div>\n<div class=\"cxmmr5t8 oygrvhab hcukyx3x c1et5uql o9v6fnle ii04i59q\">\n<div dir=\"auto\">O tr\u00e1mite parlamentario para a aprobaci\u00f3n do proxecto de Lei de regulaci\u00f3n para o impulso dos plans de pensi\u00f3ns de empresa, sigue avanzando, e non precisamente de forma favorable paras as persoas pensionistas.<\/div>\n<div dir=\"auto\"><\/div>\n<\/div>\n<div class=\"cxmmr5t8 oygrvhab hcukyx3x c1et5uql o9v6fnle ii04i59q\">\n<div dir=\"auto\">Como xa todas e todos sabedes, o 9 de xu\u00f1o vai ter lugar a votaci\u00f3n no Congreso dos Deputados para a aprobaci\u00f3n da Lei. Con tal motivo, plataformas e movementos de pensionistas dos diferentes pobos e comunidades do Estado, estamos organizando unha concentraci\u00f3n diante do Congreso coincidindo co debate, para amosar o noso rechazo a esta Lei que fomenta plans individuais que s\u00f3 favorecen \u00e1s persoas traballadoras con altos salarios e deixar\u00e1 f\u00f3ra a amplas capas de poboaci\u00f3n m\u00e1is desfavorecidas, con empregos en sectores m\u00e1is precarizados ou empobrecidos, especialmente as mulleres.<\/div>\n<div dir=\"auto\"><\/div>\n<\/div>\n<div class=\"cxmmr5t8 oygrvhab hcukyx3x c1et5uql o9v6fnle ii04i59q\">\n<div dir=\"auto\">Sair\u00e1n autobuses de Ferrol e Vigo. O prezo da viaxe son 20 \u20ac.<\/div>\n<\/div>\n<div class=\"cxmmr5t8 oygrvhab hcukyx3x c1et5uql o9v6fnle ii04i59q\">\n<div dir=\"auto\">Para anotarse:<\/div>\n<\/div>\n<div class=\"cxmmr5t8 oygrvhab hcukyx3x c1et5uql o9v6fnle ii04i59q\">\n<div dir=\"auto\">Ferrol, 616 86 86 02- Ram\u00f3n<\/div>\n<div dir=\"auto\">Vigo, 616 63 57 08- Gonzalo<\/div>\n<div dir=\"auto\">Prazo para anotarse ata o d\u00eda 7 de xu\u00f1o.<\/div>\n<div dir=\"auto\">&#8212;&#8212;&#8212;&#8212;&#8212;&#8212;&#8212;&#8212;&#8212;&#8212;&#8212;&#8212;&#8212;&#8212;&#8212;&#8212;&#8212;&#8212;&#8212;&#8212;&#8212;&#8212;&#8212;&#8212;&#8212;&#8212;&#8212;&#8212;&#8212;&#8212;&#8212;&#8212;&#8212;&#8212;&#8212;&#8212;&#8212;&#8212;&#8212;&#8212;&#8212;&#8212;&#8212;&#8212;&#8212;&#8212;&#8212;&#8212;&#8212;&#8212;&#8212;&#8212;&#8212;&#8212;&#8212;-<\/div>\n<\/div>\n<\/div>\n<\/div>\n<\/div>\n<\/div>\n<\/div>\n<p>O Movemento de Pensionista chama \u00e1 mobilizaci\u00f3n contra o Proxecto de Lei para o Fomento dos Plans de Pensi\u00f3ns de Emprego e esixindo a s\u00faa retirada.<\/p>\n<p><strong><em>Goberno de Espa\u00f1a, deixen de esfollar margaridas buscando apoios e retiren el Proxecto de Lei para o fomento de los plans de pensi\u00f3ns privadas de empreo.<\/em><\/strong><\/p>\n<p>Plataformas e movementos de pensionistas dos diferentes Pobos e Comunidades do Estado, chamamos a mobilizarnos diante da confusa tramitaci\u00f3n do Proxecto de Lei para o Fomento dos Plans de Pensi\u00f3ns de Emprego e esixindo a s\u00faa retirada.<\/p>\n<p>Estamos a facelo habitualmente nas mobilizaci\u00f3ns peri\u00f3dicas que organizamos (semanais, mensuais, \u2026) <strong>e acordamos unha mobilizaci\u00f3n unitaria conxunta, ampla e contundente na semana en que se debata o Proxecto de Lei no Congreso.<\/strong><\/p>\n<p>Este \u00e9 un Proxecto de Lei ( PL) que <strong>nunca deber\u00eda ser aprobado polo Goberno <\/strong>do PSOE e Podemos e, tal como esiximos de maneira reiterada, debe ser retirado antes da s\u00faa aprobaci\u00f3n definitiva no Congreso.<\/p>\n<p><strong>\u00c9 un PL rexeitado pola ampla maior\u00eda das persoas pensionistas<\/strong>, que mostramos o noso rexeitamento na r\u00faa de maneira continuada, <strong>e \u00e9 rexeitado polos partidos de esquerda que soste\u00f1en co seu apoio no Parlamento ao Goberno<\/strong>. As idas e vindas nas reuni\u00f3ns tanto do Relatorio como na Comisi\u00f3n as\u00ed o demostran.<\/p>\n<p>\u00c9 un PL que se quere sacar adiante menosprezando as mobilizaci\u00f3ns pensionistas e a posici\u00f3n contraria ao PL de partidos como ERC, EHBildu, Mais Pa\u00eds, BNG, CUP, Compromis que presentaron no seu d\u00eda unha emenda \u00e1 totalidade do proxecto.<\/p>\n<p><strong>\u00c9 un proxecto que empobrece as pensi\u00f3ns p\u00fablicas e abre a porta \u00e1 s\u00faa privatizaci\u00f3n<\/strong>. \u00c1 vez que se recorta o Sistema P\u00fablico de Pensi\u00f3ns (SPP), que \u00e9 garant\u00eda dunhas prestaci\u00f3ns m\u00ednimas para todas as persoas traballadoras e sup\u00f3n un elemento de equilibrio das desigualdades sociais nos anos da xubilaci\u00f3n. Con este impulso aos plans privados de pensi\u00f3ns de emprego ou empresa, <strong>s\u00f3 obte\u00f1en beneficio as grandes entidades financeiras privadas<\/strong>, que ver\u00e1n aumentar o seu negocio en miles de mill\u00f3ns de euros.<\/p>\n<p>Entregarase unha parte das achegas sociais, a un sistema privado individualista de capitalizaci\u00f3n.<\/p>\n<p><strong>\u00c9 a hora de dar carpetazo a un PL que nunca deber\u00eda ver a luz<\/strong>; \u00e9 a hora de facer unha aposta moito m\u00e1is decidida por garantir unhas pensi\u00f3ns p\u00fablicas dignas, xustas e suficientes e mirar polo interese xeral de traballadoras e traballadores.<\/p>\n<p>&nbsp;<\/p>\n<p>Neste contexto no que tanto na r\u00faa como no Parlamento est\u00e1 a tratarse de deixar sen efecto este PL, <strong>rexeitamos sen paliativos o recente preacordo de convenio da construci\u00f3n a nivel estatal, asinado pola representaci\u00f3n de CCOO e UXT (sen consultar nin informar \u00e1 s\u00faa propia afiliaci\u00f3n), <\/strong>no que se acorda promover un plan de emprego de pensi\u00f3ns ao amparo deste PL, que nin sequera tivo a\u00ednda a opci\u00f3n de ser emendado. A firma deste preacordo de convenio da construci\u00f3n, \u00e9 un cheque en branco para os intereses financeiros que est\u00e1n detr\u00e1s da privatizaci\u00f3n do Sistema P\u00fablico de Pensi\u00f3ns.<\/p>\n<p>Lamentablemente, temos que dicir que nin o Goberno do Estado nin os sindicatos CCOO e UXT est\u00e1n \u00e1 altura das demandas sociais e de traballadoras e traballadores.<\/p>\n<p>Sres. e Sras. do Goberno, non insistan m\u00e1is, o seu Proxecto de Lei de fomento dos plans de emprego \u00e9 un fracaso como ferramenta para mellorar o Sistema P\u00fablico de Pensi\u00f3ns e un obst\u00e1culo para consolidar estratexias pol\u00edticas compartidas en defensa dos dereitos fundamentais da cidadan\u00eda.<\/p>\n<p>Por iso, desde as organizaci\u00f3ns pensionistas esiximos:<\/p>\n<p><strong>\u00a0<\/strong><\/p>\n<ul>\n<li><strong>Ao goberno: Retiren o PL en tr\u00e1mite parlamentario!<\/strong>,<\/li>\n<li>Aos dirixentes sindicais de CCOO e UXT: Non asinen convenios colectivos que incl\u00faan Plans de Pensi\u00f3ns Privada de Emprego!, Non contrib\u00faan \u00e1 privatizaci\u00f3n do SPP!.<\/li>\n<\/ul>\n<p>De non ser as\u00ed conten co rexeitamento dos movementos de pensionistas abaixo asinantes e sen d\u00fabida do conxunto de pensionistas dos Pobos e Comunidades do Estado.<\/p>\n<p>&nbsp;<\/p>\n<p><strong>A mobilizaci\u00f3n \u00e9 a nosa garant\u00eda!<\/strong><\/p>\n<p>GOBERNE QUEN GOBERNE AS PENSI\u00d3NS P\u00daBLICAS DEF\u00c9NDENSE!<\/p>\n<p><strong>\u00a0<\/strong><\/p>\n<p><strong>\u00a0<\/strong><\/p>\n<ul>\n<li><strong>ASJUBI40: <\/strong>Asociaci\u00f3n Xubilaci\u00f3n Anticipada sen penalizar<\/li>\n<li><strong>COESPE: <\/strong>Coordinadora Estatal en Defensa do Sistema P\u00fablico de Pensi\u00f3ns<\/li>\n<li><strong>EHPM- MPEH: <\/strong>Movemento de Pensionistas de Euskal Herria<\/li>\n<li><strong>MADPP: <\/strong>Movemento Andaluz en Defensa das Pensi\u00f3ns P\u00fablicas<\/li>\n<li><strong>MODEPEN<\/strong>: Movemento Galego en Defensa d\u00e1s\u00a0\u00a0\u00a0\u00a0 Pensi\u00f3ns e os\u00a0\u00a0\u00a0 Servizos P\u00fablicos.<\/li>\n<li>UNIDADE- COESPE<\/li>\n<li><strong>Plataformas de Pensionistas <\/strong>de Badaxoz e M\u00f3stoles<\/li>\n<\/ul>\n","protected":false},"excerpt":{"rendered":"<p>CONCENTRACI\u00d3N EN MADRID DIANTE DO PARLAMENTO O tr\u00e1mite parlamentario para a aprobaci\u00f3n do proxecto de Lei de regulaci\u00f3n para o[&#8230;]<\/p>\n","protected":false},"author":3,"featured_media":2184,"comment_status":"closed","ping_status":"closed","template":"","categories":[32],"class_list":["post-2181","eap_event","type-eap_event","status-publish","has-post-thumbnail","hentry","category-axenda"],"_links":{"self":[{"href":"https:\/\/www.modepen.org\/index.php\/wp-json\/wp\/v2\/eap_event\/2181","targetHints":{"allow":["GET"]}}],"collection":[{"href":"https:\/\/www.modepen.org\/index.php\/wp-json\/wp\/v2\/eap_event"}],"about":[{"href":"https:\/\/www.modepen.org\/index.php\/wp-json\/wp\/v2\/types\/eap_event"}],"author":[{"embeddable":true,"href":"https:\/\/www.modepen.org\/index.php\/wp-json\/wp\/v2\/users\/3"}],"replies":[{"embeddable":true,"href":"https:\/\/www.modepen.org\/index.php\/wp-json\/wp\/v2\/comments?post=2181"}],"version-history":[{"count":4,"href":"https:\/\/www.modepen.org\/index.php\/wp-json\/wp\/v2\/eap_event\/2181\/revisions"}],"predecessor-version":[{"id":2198,"href":"https:\/\/www.modepen.org\/index.php\/wp-json\/wp\/v2\/eap_event\/2181\/revisions\/2198"}],"wp:featuredmedia":[{"embeddable":true,"href":"https:\/\/www.modepen.org\/index.php\/wp-json\/wp\/v2\/media\/2184"}],"wp:attachment":[{"href":"https:\/\/www.modepen.org\/index.php\/wp-json\/wp\/v2\/media?parent=2181"}],"wp:term":[{"taxonomy":"category","embeddable":true,"href":"https:\/\/www.modepen.org\/index.php\/wp-json\/wp\/v2\/categories?post=2181"}],"curies":[{"name":"wp","href":"https:\/\/api.w.org\/{rel}","templated":true}]}}

Concentración en Madrid o día 9 de Xunio: Paremos o Proxecto de Lei para o Fomento dos Plans (de Pensións) de Emprego.

<div class="" dir="auto">
<div class="" dir="auto">
<div class="ecm0bbzt hv4rvrfc ihqw7lf3 dati1w0a" data-ad-comet-preview="message" data-ad-preview="message">
<div class="j83agx80 cbu4d94t ew0dbk1b irj2b8pg">
<div class="qzhwtbm6 knvmm38d">
<div class="kvgmc6g5 cxmmr5t8 oygrvhab hcukyx3x c1et5uql ii04i59q">
<div dir="auto" style="text-align: center;"><strong>CONCENTRACIÓN EN MADRID DIANTE DO PARLAMENTO</strong></div>
<div dir="auto"></div>
</div>
<div class="cxmmr5t8 oygrvhab hcukyx3x c1et5uql o9v6fnle ii04i59q">
<div dir="auto">O trámite parlamentario para a aprobación do proxecto de Lei de regulación para o impulso dos plans de pensións de empresa, sigue avanzando, e non precisamente de forma favorable paras as persoas pensionistas.</div>
<div dir="auto"></div>
</div>
<div class="cxmmr5t8 oygrvhab hcukyx3x c1et5uql o9v6fnle ii04i59q">
<div dir="auto">Como xa todas e todos sabedes, o 9 de xuño vai ter lugar a votación no Congreso dos Deputados para a aprobación da Lei. Con tal motivo, plataformas e movementos de pensionistas dos diferentes pobos e comunidades do Estado, estamos organizando unha concentración diante do Congreso coincidindo co debate, para amosar o noso rechazo a esta Lei que fomenta plans individuais que só favorecen ás persoas traballadoras con altos salarios e deixará fóra a amplas capas de poboación máis desfavorecidas, con empregos en sectores máis precarizados ou empobrecidos, especialmente as mulleres.</div>
<div dir="auto"></div>
</div>
<div class="cxmmr5t8 oygrvhab hcukyx3x c1et5uql o9v6fnle ii04i59q">
<div dir="auto">Sairán autobuses de Ferrol e Vigo. O prezo da viaxe son 20 €.</div>
</div>
<div class="cxmmr5t8 oygrvhab hcukyx3x c1et5uql o9v6fnle ii04i59q">
<div dir="auto">Para anotarse:</div>
</div>
<div class="cxmmr5t8 oygrvhab hcukyx3x c1et5uql o9v6fnle ii04i59q">
<div dir="auto">Ferrol, 616 86 86 02- Ramón</div>
<div dir="auto">Vigo, 616 63 57 08- Gonzalo</div>
<div dir="auto">Prazo para anotarse ata o día 7 de xuño.</div>
<div dir="auto">&#8212;&#8212;&#8212;&#8212;&#8212;&#8212;&#8212;&#8212;&#8212;&#8212;&#8212;&#8212;&#8212;&#8212;&#8212;&#8212;&#8212;&#8212;&#8212;&#8212;&#8212;&#8212;&#8212;&#8212;&#8212;&#8212;&#8212;&#8212;&#8212;&#8212;&#8212;&#8212;&#8212;&#8212;&#8212;&#8212;&#8212;&#8212;&#8212;&#8212;&#8212;&#8212;&#8212;&#8212;&#8212;&#8212;&#8212;&#8212;&#8212;&#8212;&#8212;&#8212;&#8212;&#8212;&#8212;-</div>
</div>
</div>
</div>
</div>
</div>
</div>
<p>O Movemento de Pensionista chama á mobilización contra o Proxecto de Lei para o Fomento dos Plans de Pensións de Emprego e esixindo a súa retirada.</p>
<p><strong><em>Goberno de España, deixen de esfollar margaridas buscando apoios e retiren el Proxecto de Lei para o fomento de los plans de pensións privadas de empreo.</em></strong></p>
<p>Plataformas e movementos de pensionistas dos diferentes Pobos e Comunidades do Estado, chamamos a mobilizarnos diante da confusa tramitación do Proxecto de Lei para o Fomento dos Plans de Pensións de Emprego e esixindo a súa retirada.</p>
<p>Estamos a facelo habitualmente nas mobilizacións periódicas que organizamos (semanais, mensuais, …) <strong>e acordamos unha mobilización unitaria conxunta, ampla e contundente na semana en que se debata o Proxecto de Lei no Congreso.</strong></p>
<p>Este é un Proxecto de Lei ( PL) que <strong>nunca debería ser aprobado polo Goberno </strong>do PSOE e Podemos e, tal como esiximos de maneira reiterada, debe ser retirado antes da súa aprobación definitiva no Congreso.</p>
<p><strong>É un PL rexeitado pola ampla maioría das persoas pensionistas</strong>, que mostramos o noso rexeitamento na rúa de maneira continuada, <strong>e é rexeitado polos partidos de esquerda que sosteñen co seu apoio no Parlamento ao Goberno</strong>. As idas e vindas nas reunións tanto do Relatorio como na Comisión así o demostran.</p>
<p>É un PL que se quere sacar adiante menosprezando as mobilizacións pensionistas e a posición contraria ao PL de partidos como ERC, EHBildu, Mais País, BNG, CUP, Compromis que presentaron no seu día unha emenda á totalidade do proxecto.</p>
<p><strong>É un proxecto que empobrece as pensións públicas e abre a porta á súa privatización</strong>. Á vez que se recorta o Sistema Público de Pensións (SPP), que é garantía dunhas prestacións mínimas para todas as persoas traballadoras e supón un elemento de equilibrio das desigualdades sociais nos anos da xubilación. Con este impulso aos plans privados de pensións de emprego ou empresa, <strong>só obteñen beneficio as grandes entidades financeiras privadas</strong>, que verán aumentar o seu negocio en miles de millóns de euros.</p>
<p>Entregarase unha parte das achegas sociais, a un sistema privado individualista de capitalización.</p>
<p><strong>É a hora de dar carpetazo a un PL que nunca debería ver a luz</strong>; é a hora de facer unha aposta moito máis decidida por garantir unhas pensións públicas dignas, xustas e suficientes e mirar polo interese xeral de traballadoras e traballadores.</p>
<p>&nbsp;</p>
<p>Neste contexto no que tanto na rúa como no Parlamento está a tratarse de deixar sen efecto este PL, <strong>rexeitamos sen paliativos o recente preacordo de convenio da construción a nivel estatal, asinado pola representación de CCOO e UXT (sen consultar nin informar á súa propia afiliación), </strong>no que se acorda promover un plan de emprego de pensións ao amparo deste PL, que nin sequera tivo aínda a opción de ser emendado. A firma deste preacordo de convenio da construción, é un cheque en branco para os intereses financeiros que están detrás da privatización do Sistema Público de Pensións.</p>
<p>Lamentablemente, temos que dicir que nin o Goberno do Estado nin os sindicatos CCOO e UXT están á altura das demandas sociais e de traballadoras e traballadores.</p>
<p>Sres. e Sras. do Goberno, non insistan máis, o seu Proxecto de Lei de fomento dos plans de emprego é un fracaso como ferramenta para mellorar o Sistema Público de Pensións e un obstáculo para consolidar estratexias políticas compartidas en defensa dos dereitos fundamentais da cidadanía.</p>
<p>Por iso, desde as organizacións pensionistas esiximos:</p>
<p><strong> </strong></p>
<ul>
<li><strong>Ao goberno: Retiren o PL en trámite parlamentario!</strong>,</li>
<li>Aos dirixentes sindicais de CCOO e UXT: Non asinen convenios colectivos que inclúan Plans de Pensións Privada de Emprego!, Non contribúan á privatización do SPP!.</li>
</ul>
<p>De non ser así conten co rexeitamento dos movementos de pensionistas abaixo asinantes e sen dúbida do conxunto de pensionistas dos Pobos e Comunidades do Estado.</p>
<p>&nbsp;</p>
<p><strong>A mobilización é a nosa garantía!</strong></p>
<p>GOBERNE QUEN GOBERNE AS PENSIÓNS PÚBLICAS DEFÉNDENSE!</p>
<p><strong> </strong></p>
<p><strong> </strong></p>
<ul>
<li><strong>ASJUBI40: </strong>Asociación Xubilación Anticipada sen penalizar</li>
<li><strong>COESPE: </strong>Coordinadora Estatal en Defensa do Sistema Público de Pensións</li>
<li><strong>EHPM- MPEH: </strong>Movemento de Pensionistas de Euskal Herria</li>
<li><strong>MADPP: </strong>Movemento Andaluz en Defensa das Pensións Públicas</li>
<li><strong>MODEPEN</strong>: Movemento Galego en Defensa dás     Pensións e os    Servizos Públicos.</li>
<li>UNIDADE- COESPE</li>
<li><strong>Plataformas de Pensionistas </strong>de Badaxoz e Móstoles</li>
</ul>

<p>CONCENTRACIÓN EN MADRID DIANTE DO PARLAMENTO O trámite parlamentario para a aprobación do proxecto de Lei de regulación para o[&#8230;]</p>
