{"id":3521,"date":"2025-09-24T16:35:58","date_gmt":"2025-09-24T14:35:58","guid":{"rendered":"https:\/\/www.modepen.org\/?post_type=eap_event&#038;p=3521"},"modified":"2025-09-24T16:35:58","modified_gmt":"2025-09-24T14:35:58","slug":"cangas-concentracion-na-defensa-das-pensions-publicas-e-contra-a-sua-privatizacion-o-dia-26-de-setembro-as-2000-h-diante-do-concello-de-cangas","status":"publish","type":"eap_event","link":"https:\/\/www.modepen.org\/index.php\/events\/cangas-concentracion-na-defensa-das-pensions-publicas-e-contra-a-sua-privatizacion-o-dia-26-de-setembro-as-2000-h-diante-do-concello-de-cangas\/","title":{"rendered":"Cangas: Concentraci\u00f3n na Defensa das Pensi\u00f3ns P\u00fablicas e contra a sua Privatizaci\u00f3n, o d\u00eda 26 de Setembro, as 20:00 h. diante do Concello de Cangas."},"content":{"rendered":"<p><img loading=\"lazy\" decoding=\"async\" class=\"aligncenter wp-image-3522 size-full\" src=\"https:\/\/www.modepen.org\/wp-content\/uploads\/2025\/09\/Concentracion-Cangas-20250926-G.jpeg\" alt=\"\" width=\"600\" height=\"797\" srcset=\"https:\/\/www.modepen.org\/wp-content\/uploads\/2025\/09\/Concentracion-Cangas-20250926-G.jpeg 600w, https:\/\/www.modepen.org\/wp-content\/uploads\/2025\/09\/Concentracion-Cangas-20250926-G-226x300.jpeg 226w, https:\/\/www.modepen.org\/wp-content\/uploads\/2025\/09\/Concentracion-Cangas-20250926-G-113x150.jpeg 113w\" sizes=\"auto, (max-width: 600px) 100vw, 600px\" \/><\/p>\n","protected":false},"excerpt":{"rendered":"","protected":false},"author":3,"featured_media":3523,"comment_status":"closed","ping_status":"closed","template":"","categories":[32],"class_list":["post-3521","eap_event","type-eap_event","status-publish","has-post-thumbnail","hentry","category-axenda"],"_links":{"self":[{"href":"https:\/\/www.modepen.org\/index.php\/wp-json\/wp\/v2\/eap_event\/3521","targetHints":{"allow":["GET"]}}],"collection":[{"href":"https:\/\/www.modepen.org\/index.php\/wp-json\/wp\/v2\/eap_event"}],"about":[{"href":"https:\/\/www.modepen.org\/index.php\/wp-json\/wp\/v2\/types\/eap_event"}],"author":[{"embeddable":true,"href":"https:\/\/www.modepen.org\/index.php\/wp-json\/wp\/v2\/users\/3"}],"replies":[{"embeddable":true,"href":"https:\/\/www.modepen.org\/index.php\/wp-json\/wp\/v2\/comments?post=3521"}],"version-history":[{"count":2,"href":"https:\/\/www.modepen.org\/index.php\/wp-json\/wp\/v2\/eap_event\/3521\/revisions"}],"predecessor-version":[{"id":3525,"href":"https:\/\/www.modepen.org\/index.php\/wp-json\/wp\/v2\/eap_event\/3521\/revisions\/3525"}],"wp:featuredmedia":[{"embeddable":true,"href":"https:\/\/www.modepen.org\/index.php\/wp-json\/wp\/v2\/media\/3523"}],"wp:attachment":[{"href":"https:\/\/www.modepen.org\/index.php\/wp-json\/wp\/v2\/media?parent=3521"}],"wp:term":[{"taxonomy":"category","embeddable":true,"href":"https:\/\/www.modepen.org\/index.php\/wp-json\/wp\/v2\/categories?post=3521"}],"curies":[{"name":"wp","href":"https:\/\/api.w.org\/{rel}","templated":true}]}}

Cangas: Concentración na Defensa das Pensións Públicas e contra a sua Privatización, o día 26 de Setembro, as 20:00 h. diante do Concello de Cangas.
