{"id":356,"date":"2019-09-18T10:51:50","date_gmt":"2019-09-18T08:51:50","guid":{"rendered":"http:\/\/www.modepen.org\/?post_type=eap_event&#038;p=356"},"modified":"2020-11-27T04:27:56","modified_gmt":"2020-11-27T03:27:56","slug":"concentracion-en-ferrol-na-praza-da-constitucion-canton","status":"publish","type":"eap_event","link":"https:\/\/www.modepen.org\/index.php\/events\/concentracion-en-ferrol-na-praza-da-constitucion-canton\/","title":{"rendered":"Concentraci\u00f3n en Ferrol na Praza da Constituci\u00f3n (Cant\u00f3n)"},"content":{"rendered":"","protected":false},"excerpt":{"rendered":"","protected":false},"author":3,"featured_media":357,"comment_status":"closed","ping_status":"closed","template":"","categories":[32],"class_list":["post-356","eap_event","type-eap_event","status-publish","has-post-thumbnail","hentry","category-axenda"],"_links":{"self":[{"href":"https:\/\/www.modepen.org\/index.php\/wp-json\/wp\/v2\/eap_event\/356","targetHints":{"allow":["GET"]}}],"collection":[{"href":"https:\/\/www.modepen.org\/index.php\/wp-json\/wp\/v2\/eap_event"}],"about":[{"href":"https:\/\/www.modepen.org\/index.php\/wp-json\/wp\/v2\/types\/eap_event"}],"author":[{"embeddable":true,"href":"https:\/\/www.modepen.org\/index.php\/wp-json\/wp\/v2\/users\/3"}],"replies":[{"embeddable":true,"href":"https:\/\/www.modepen.org\/index.php\/wp-json\/wp\/v2\/comments?post=356"}],"version-history":[{"count":1,"href":"https:\/\/www.modepen.org\/index.php\/wp-json\/wp\/v2\/eap_event\/356\/revisions"}],"predecessor-version":[{"id":358,"href":"https:\/\/www.modepen.org\/index.php\/wp-json\/wp\/v2\/eap_event\/356\/revisions\/358"}],"wp:featuredmedia":[{"embeddable":true,"href":"https:\/\/www.modepen.org\/index.php\/wp-json\/wp\/v2\/media\/357"}],"wp:attachment":[{"href":"https:\/\/www.modepen.org\/index.php\/wp-json\/wp\/v2\/media?parent=356"}],"wp:term":[{"taxonomy":"category","embeddable":true,"href":"https:\/\/www.modepen.org\/index.php\/wp-json\/wp\/v2\/categories?post=356"}],"curies":[{"name":"wp","href":"https:\/\/api.w.org\/{rel}","templated":true}]}}

Concentración en Ferrol na Praza da Constitución (Cantón)
