{"id":869,"date":"2020-11-27T03:59:37","date_gmt":"2020-11-27T02:59:37","guid":{"rendered":"http:\/\/www.modepen.org\/?page_id=869"},"modified":"2022-01-31T19:24:35","modified_gmt":"2022-01-31T18:24:35","slug":"axenda","status":"publish","type":"page","link":"https:\/\/www.modepen.org\/index.php\/axenda\/","title":{"rendered":"Axenda"},"content":{"rendered":"<h2>PR\u00d3XIMOS EVENTOS<\/h2>\n\n        <div class=\"eap__list\">\n            \n<div id=\"post-3689\" class=\"eap__event\">\n    <div class=\"eap__img\">\n        <img loading=\"lazy\" decoding=\"async\" width=\"318\" height=\"450\" src=\"https:\/\/www.modepen.org\/wp-content\/uploads\/2026\/04\/Charla-A-Rua-20260417_2-P.jpg\" class=\"attachment-post-thumbnail size-post-thumbnail wp-post-image\" alt=\"\" srcset=\"https:\/\/www.modepen.org\/wp-content\/uploads\/2026\/04\/Charla-A-Rua-20260417_2-P.jpg 318w, https:\/\/www.modepen.org\/wp-content\/uploads\/2026\/04\/Charla-A-Rua-20260417_2-P-212x300.jpg 212w, https:\/\/www.modepen.org\/wp-content\/uploads\/2026\/04\/Charla-A-Rua-20260417_2-P-106x150.jpg 106w\" sizes=\"auto, (max-width: 318px) 100vw, 318px\" \/>    <\/div>\n\n    <div class=\"eap__content\">\n        <!-- header -->\n        <header class=\"eap__header\">\n            <h2 class=\"eap__title\"><a href=\"https:\/\/www.modepen.org\/index.php\/events\/charla-coloquio-sobre-o-sistema-publico-de-pensions-no-concello-da-rua\/\" rel=\"bookmark\">Charla-Coloquio sobre o Sistema P\u00fablico de Pensi\u00f3ns no Concello da R\u00faa<\/a><\/h2>\n                        \n<!-- event meta -->\n<p class=\"eap__meta\">\n            <span class=\"eap__date no-wrap\">\n            <span class=\"dashicons dashicons-calendar-alt\"><\/span> Abril 17, 2026        <\/span>\n         |         <span class=\"eap__time no-wrap\">\n            <span class=\"dashicons dashicons-clock\"><\/span> 7:30 pm        <\/span>\n        \n    <br>\n\n                <a href=\"https:\/\/maps.app.goo.gl\/oUAm5SHB54A5MzSc9\" target=\"_blank\" class=\"eap__location\">Edificio do Concello<\/a>, A R\u00faa, Galiza            <\/p>\n\n        <\/header>\n\n        <!-- main -->\n        <main class=\"eap__excerpt\">\n                            <p class=\"eap__more\">\n                    <a href=\"https:\/\/www.modepen.org\/index.php\/events\/charla-coloquio-sobre-o-sistema-publico-de-pensions-no-concello-da-rua\/\">Read more<\/a>\n                <\/p>\n                        <\/main>\n    <\/div>\n<\/div>\n        <\/div>\n        <br>\n\n   \n<table class=\"form-table\" style=\"height: 29px;\" width=\"700\">\n<tbody>\n<tr>\n<th scope=\"row\"><\/th>\n<td><\/td>\n<\/tr>\n<\/tbody>\n<\/table>\n<h3>Para ver o Historial de Eventos, pulsar\u00a0<a href=\"https:\/\/www.modepen.org\/index.php\/historial-de-eventos\/\" target=\"_blank\" rel=\"noopener\">AQUI<\/a><\/h3>\n","protected":false},"excerpt":{"rendered":"<p>PR\u00d3XIMOS EVENTOS Para ver o Historial de Eventos, pulsar\u00a0AQUI<\/p>\n","protected":false},"author":3,"featured_media":0,"parent":0,"menu_order":0,"comment_status":"closed","ping_status":"closed","template":"","meta":{"footnotes":""},"class_list":["post-869","page","type-page","status-publish","hentry"],"_links":{"self":[{"href":"https:\/\/www.modepen.org\/index.php\/wp-json\/wp\/v2\/pages\/869","targetHints":{"allow":["GET"]}}],"collection":[{"href":"https:\/\/www.modepen.org\/index.php\/wp-json\/wp\/v2\/pages"}],"about":[{"href":"https:\/\/www.modepen.org\/index.php\/wp-json\/wp\/v2\/types\/page"}],"author":[{"embeddable":true,"href":"https:\/\/www.modepen.org\/index.php\/wp-json\/wp\/v2\/users\/3"}],"replies":[{"embeddable":true,"href":"https:\/\/www.modepen.org\/index.php\/wp-json\/wp\/v2\/comments?post=869"}],"version-history":[{"count":5,"href":"https:\/\/www.modepen.org\/index.php\/wp-json\/wp\/v2\/pages\/869\/revisions"}],"predecessor-version":[{"id":2009,"href":"https:\/\/www.modepen.org\/index.php\/wp-json\/wp\/v2\/pages\/869\/revisions\/2009"}],"wp:attachment":[{"href":"https:\/\/www.modepen.org\/index.php\/wp-json\/wp\/v2\/media?parent=869"}],"curies":[{"name":"wp","href":"https:\/\/api.w.org\/{rel}","templated":true}]}}